l**2 + 0*l**2 + 4*l**2 - 2 + 4*l**2 + l. Determine w(t).
10
Let a(p) = -3*p**3 - 69*p**2 + 40*p - 23. Let w(m) = -m**3 - 24*m**2 + 13*m - 8. Let t(h) = -3*a(h) + 8*w(h). Determine t(-16).
5
Let z(p) = 5*p + 3 + 1 - 8 - 4*p. Give z(4).
0
Suppose -2*p = -4*b - 6*p - 36, 5*b + 52 = 2*p. Let w(s) = -s**2 - 11*s - 5. Give w(b).
5
Let v = 768 + -774. Let o(h) = h + 1. Give o(v).
-5
Let r(d) = d**2 + 9*d - 5. Suppose -70 = 34*u + 100. What is r(u)?
-25
Let n(i) = i**3 + i**2 - 2*i + 4. Suppose 3*v - 6 = 3*f, -2*v = -f + 2*v + 1. Give n(f).
-8
Let k = 329 - 336. Let j(l) be the first derivative of -l**5/60 - l**4/3 - 3*l**3/2 + l**2 + 3. Let o(f) be the second derivative of j(f). Calculate o(k).
-2
Let b(i) = 0 + 9 - 32 + 7 + 3*i. What is b(5)?
-1
Let j(d) = d - 3. Suppose 3*l = -10*l - 117. Determine j(l).
-12
Let t(v) = 6 - 2*v - 6. Let x(q) = q + 4. Let n be x(0). Suppose c + n*c - 18 = 3*y, -2*c = 2*y - 20. Give t(c).
-12
Let q(k) = -14*k**2 - 2*k + 1. Let s be q(1). Let c = -11 - s. Let g(w) = -3 + 6 + 2*w - c. What is g(-2)?
-5
Let z = 8 + -2. Let i(k) be the first derivative of -k**2/2 + 8*k + 112. Calculate i(z).
2
Let u(b) = -2*b + 8. Let f be u(7). Let n(q) = 2*q**2 - q + 1. Let c(s) = s**3 - 4*s**2 + 5*s + 3. Let t(z) = c(z) + 5*n(z). Determine t(f).
8
Let a(b) = 14 + 12 + 18 - 61 + 16 + 9*b. Suppose 3 - 8 = 5*h. What is a(h)?
-10
Let v be (4/(-14) - 0)*-14. Let a(s) = -29*s**2 + 6*s + 63*s**2 - 35*s**2 + 0 - v. What is a(4)?
4
Let n(z) = -2*z**2 + 3*z - 2. Let l(b) = b**3 - 5*b**2 + 7*b - 5. Let j(a) = 2*l(a) - 5*n(a). Let q be (2/6)/((-5)/75). Let v be q/(-7) - (-2)/7. What is j(v)?
1
Let a(r) be the third derivative of -19*r**6/60 - r**4/24 - 329*r**2. Determine a(1).
-39
Suppose -7*r + 20 = -2*r. Suppose -2*k = -r*n, -2*n - 1 - 11 = 5*k. Let j(o) be the first derivative of o**4/4 + 4*o**3/3 + 3*o**2/2 + o - 2. Determine j(k).
3
Suppose -2*i + 2*p = -18, 0*i = 2*i + 6*p - 18. Let u(s) = s**2 - s - 13. Give u(i).
59
Let k(x) = 10*x - 1 - x**2 + 0 - 2 + 0*x**2. Let b be k(7). Let l = -20 + b. Let u(r) = r**3 + r**2 + 3*r + 2. Determine u(l).
-8
Let i(d) = d**2 + 4*d + 1. Let o(j) = -10*j - 2. Let a be o(1). Let l be 1/(-2) - a/(-8). Let k = -1 + l. Give i(k).
-2
Suppose 5 = -8*u + 9*u. Let g(l) = l**2 - 5*l + 4. What is g(u)?
4
Let i = -448 + 460. Let q(d) = d**3 - 13*d**2 + 10*d - 9. Calculate q(i).
-33
Let w be 160/24 - (-2)/(-3). Let x(u) = -5*u**3 + 3 - 5*u**2 + 2*u + 4 + w*u**3 - 10*u. Let a be 25/4 - 7/28. What is x(a)?
-5
Let p(v) = v**2 - 3*v + 2. Let i be p(3). Let x(u) be the first derivative of -3/2*u**2 - 2 + 3*u + 1/3*u**3. Give x(i).
1
Let t(g) = -19*g**2 - 2*g - 1. Let c be t(-1). Suppose -2*z = 8*z - 240. Let j = z + c. Let l(u) = u - 5. What is l(j)?
1
Let s(u) = -172*u**3 + 336*u**3 - 4*u**2 - 9*u**2 - 4 - 165*u**3 + 5*u**2. Suppose 32 = -2*m - 2*m. Calculate s(m).
-4
Let b(j) = -j - 17. Let a(k) = 11. Let z(n) = -8*a(n) - 5*b(n). What is z(-5)?
-28
Let d(r) = 11*r - 2 - 9*r - 10*r**3 + 4*r**2 + 3 + 11*r**3. What is d(-2)?
5
Let l(u) = -2*u**3 + u**2 + u - 2. Let x be (2/6)/(7/(420/(-10))). What is l(x)?
16
Let x(k) = -10*k**3 + 15*k**2 - 28*k - 14. Let i(u) = 7*u**3 - 10*u**2 + 19*u + 11. Let s(q) = 7*i(q) + 5*x(q). Calculate s(4).
-5
Let v(u) = u**2 + 3*u + 5. Let h(d) = -4*d**2 - 11*d - 20. Let f(g) = 2*h(g) + 9*v(g). Let a be f(-4). Let j(c) = -3*c - a + 8*c + c - 4*c. What is j(-2)?
-5
Let j(c) be the third derivative of c**4/24 - 5*c**3/6 + 5*c**2. Let b be j(10). Let i(h) = -3*h + b - 4 - 3*h + 0*h**2 + h**2. What is i(6)?
1
Let v be (-30)/(-8) + (-6)/8. Suppose 3*a + v*w + 12 = 0, 6*a - w + 31 = 2*a. Let h(y) = 9 + 16*y + 17*y - 32*y. What is h(a)?
2
Let c(j) = -j - 1. Let n(k) = -k**2 + 4. Let y(x) = -2*c(x) - n(x). Suppose 25 - 27 = 2*m. Let i be (-4)/(-1) + m + (0 - 1). Give y(i).
6
Suppose 2*i + 8 = 3*z, z + 5*i = 8*i - 2. Let u(x) = -x**2 + 6*x - 5. Determine u(z).
3
Let f(n) = -6*n**3 - 4*n**2 + n + 8. Let d(y) = -7*y**3 - 4*y**2 + 2*y + 10. Let m(x) = 5*d(x) - 6*f(x). Calculate m(-2).
2
Let g be 3/(1 - 4) - -4. Let t(n) = -3*n**2 + 4*n**2 - 7*n + 2*n + 2*n. Let r be t(g). Let f(b) = b**3 - b - 15. Calculate f(r).
-15
Let i(v) = -v - 16. Let g(r) = -2*r - 38. Let c(x) = 5*g(x) - 12*i(x). Suppose -2*a - 8 = 3*d + 6, -a + 26 = -4*d. Give c(d).
-10
Let g(x) = -2*x - 2. Let j = 1 - 2. Let t = -4 - j. What is g(t)?
4
Suppose 3*p - 13 = q, -4*p - 4*q = -9*q - 10. Suppose 4*i + p*m - 70 = 0, 5*m - 4 = -i + 6. Suppose 4*j = i - 0. Let y(h) = -h**2 + h + 7. Determine y(j).
-13
Let s(i) = -i - 3. Let w be s(0). Let h(j) = 77*j**3 - 32*j**2 + 9*j + 15. Let q(m) = 9*m**3 - 4*m**2 + m + 2. Let r(a) = -2*h(a) + 17*q(a). Determine r(w).
-2
Suppose -10 = 2*o, -12 = -4*v + 2*o + 6. Let q(z) = z - z**v - 64 + 68 - 9*z. Give q(-8).
4
Let l(v) be the first derivative of 7*v**5/120 - v**4/24 + 6*v**3 - 27. Let b(n) be the third derivative of l(n). What is b(-3)?
-22
Let a(p) = 0*p**2 + 1 + 0*p**2 + p + p**2. Let h be (-2)/(-6)*(30/10 + -3). What is a(h)?
1
Let v(p) = -8*p**3 + 6*p**2 - 6*p - 3. Let u(l) = 5 + l**2 - 7*l**2 + 6*l + 40*l**3 - 33*l**3 - 3. Let i(h) = 7*u(h) + 6*v(h). What is i(5)?
1
Let y be 5/10*(1 - -1). Let d be 0 + 0 + (-2 - y). Let b(c) = -1 - 3*c**2 - 3*c**3 + 2*c**3 + 2. Give b(d).
1
Let u = -38 + 33. Let z(r) = r - 2. Calculate z(u).
-7
Let t(m) = -m**2 - 1. Let k = 74 - 80. Let d(s) = -3*s**2 + 3*s - 7. Let c(y) = k*t(y) + d(y). Calculate c(2).
17
Let r(d) = 3*d**3 - 3*d**2 - 2*d + 2. Let i be 45/(-21) + 3*4/84. Give r(i).
-30
Suppose -5*f = a - 18, 5*a - 9 = 6. Let q(l) = f*l + 3*l**3 + 0*l**2 - 2*l + l**2 + l**2. Let t = -4 - -3. Give q(t).
-2
Let g(s) = 4*s + 12. Let x(w) = 2*w + 4. Let u(a) = 4*g(a) - 11*x(a). Calculate u(3).
-14
Suppose -2*p + 4*k + 9 = -p, 2*k = 3*p - 7. Let m(q) = -10*q**3 - 4*q**3 - 3*q**2 - 5*q - 3 + 13*q**3 + p. Calculate m(-3).
13
Suppose -j - 9 = 3*p, -2*j + 18 = -2*p + 4. Let n(o) = -o + 10. Let r be n(7). Let t(b) = 3 + b - 3*b**r + 4*b**2 + 4*b**3 - 5. Calculate t(p).
-6
Let o(t) = -t + 13. Suppose -2*i + 3*f = 3*i - 11, 3*i = -4*f + 24. Suppose -4*s = 2*n - 2, n = -3*s - 3 + i. Give o(s).
13
Let c be (-32)/(-16) + (0 - -6). Let j(s) = -s**3 + 7*s**2 - 3. Determine j(c).
-67
Suppose 3*r + 3*g + 21 = 0, 0 = 5*r - 4*r + 4*g + 22. Let v(c) be the third derivative of c**5/60 - c**4/24 - c**3/3 + 100*c**2. Calculate v(r).
4
Let b be -1 + (3 - 4 - -28). Let u = -3 + 6. Let a(y) = u + b*y - 27*y - 3. What is a(-5)?
5
Let x(d) be the second derivative of -d**4/12 - 5*d**3/3 + 5*d**2 - 299*d. Calculate x(-9).
19
Let o(z) = -17*z - 97. Suppose -41*g - 296 + 50 = 0. Determine o(g).
5
Suppose -9 + 2 = -t - 3*z, z + 3 = -t. Let h(m) be the first derivative of -m**4/4 - 8*m**3/3 - m**2 + 4*m - 17. Give h(t).
20
Suppose 17 = -2*i + j, -40 = 5*i + j + 20. Let s = i + 9. Let g(z) = -5*z + z**2 - 3*z**2 + 3*z - z**2 - 2*z**3 - 2. What is g(s)?
6
Let s(h) = h**3 - 4*h**2 + h - 1. Let u be s(3). Let v(j) = 1. Let d(i) = -3*i - 9. Let f(k) = -d(k) - 2*v(k). Determine f(u).
-14
Let f(u) = -u. Suppose -5*r + 754 = -63*r. Determine f(r).
13
Let d(n) be the first derivative of n**4/4 - 5*n**3/3 + n**2 + n - 5. Suppose -4*y + 5 = 3*k, -3*k + 8 = 9*y - 8*y. Calculate d(k).
-11
Suppose -12*c = -17*c - 10. Let s(k) = 3 + 12*k - 17*k**2 + 18*k**2 - 10*k + k**3. Give s(c).
-5
Let m(q) = q**2 - 2. Let h be m(-2). Suppose k = g + 5*k + 14, -h = 3*g + 4*k. Let u(i) = i**2 - 8*i + 1. What is u(g)?
-11
Let i(l) = l. Let b(o) be the first derivative of 3*o**2/2 - 3*o - 17. Let z(c) = 3*b(c) - 6*i(c). Calculate z(6).
9
Let w(i) = 16*i**3 + 3*i**2 + 2*i - 1. Let a(u) = u**2 + 2*u - 4. Let t be a(-4). Let j(c) = 16*c**3 + 4*c**2 + 3*c - 1. Let y(p) = t*j(p) - 5*w(p). Give y(-1).
16
Let i(u) = 12*u + 1. Let k be (3*(-15)/27)/(10/(-6)). Give i(k).
13
Let t = 6 + -2. Suppose -1 - 2 = -3*x. Let s(h) = -3*h + x - 6 + 0*h + t*h. Give s(4).
-1
Let g(b) = 7*b**2 + 2*b - 1. Let d be g(1). Suppose -3*z + d = -2*z. Let l(s) = -2*s + z + 0 - 1. Determine l(5).
-3
Let w(q) = 2*q**2 + 3. Let b be w(0). Let h(f) = -f**3 + 2*f + 1. Give h(b).
-20
Let i be ((-3)/(-1))/(-2 + (-23)/(-13)). Let m(u) = u**3 + 13*u**2 - 2*u - 4. Determine m(i).
22
Suppose -4*h + 9*h - 40 = 0. Let c(t) = -7*t**2 - t**3 + 2*t - 5 - 1 + 0 - h*t. Dete